7275057 a composite number?
True
Is 11804519099 composite?
False
Is 14466098301 a prime number?
False
Is 9232470739 composite?
True
Is 4058781238 a composite number?
True
Is 273288203 composite?
False
Is 6177269557 a composite number?
True
Is 130032181 a prime number?
False
Is 622836829 composite?
True
Is 7731801383 a prime number?
True
Is 10744302779 a composite number?
True
Is 1699365353 prime?
False
Is 645062153 a prime number?
True
Is 5854850531 a prime number?
False
Is 41729222189 prime?
True
Is 4422356261 composite?
True
Is 14327907161 a composite number?
False
Is 36116958041 prime?
True
Is 149703979 a prime number?
False
Is 55816980169 a prime number?
True
Is 940537471 a prime number?
True
Is 1586247811 composite?
True
Is 278469209 a prime number?
False
Is 11185003589 a prime number?
False
Is 100263389 composite?
False
Is 3418118117 prime?
False
Is 153549191 a prime number?
True
Is 929651731 composite?
True
Is 3046601903 composite?
False
Is 2260170037 a prime number?
True
Is 2925283351 prime?
True
Is 8481269183 a prime number?
True
Is 135807629 a composite number?
False
Is 4532315519 prime?
True
Is 1782273991 a composite number?
False
Is 35304303 prime?
False
Is 47642911 a prime number?
False
Is 41941026461 a composite number?
False
Is 53236696351 composite?
False
Is 31871689711 a prime number?
True
Is 34241240531 prime?
False
Is 2604959429 a composite number?
False
Is 14924809759 composite?
True
Is 155144107 composite?
True
Is 404678851 composite?
False
Is 24642650113 composite?
True
Is 337236127 a prime number?
True
Is 1489217659 prime?
False
Is 45991146823 prime?
True
Is 761448283 a composite number?
True
Is 43527691267 composite?
True
Is 3871686109 composite?
False
Is 2277768382 composite?
True
Is 6899008733 prime?
True
Is 5373515197 prime?
True
Is 448650007 composite?
True
Is 1501740059 a composite number?
True
Is 2995243541 a composite number?
False
Is 103855523 a prime number?
False
Is 3353740165 a composite number?
True
Is 74165374291 a prime number?
True
Is 26793888041 composite?
False
Is 1719528257 prime?
False
Is 4482120913 prime?
False
Is 7955448661 prime?
True
Is 29461866043 a composite number?
True
Is 5463306301 composite?
False
Is 31137447389 composite?
True
Is 10837271519 a composite number?
False
Is 16221436051 a composite number?
True
Is 25945330897 a composite number?
False
Is 66031849847 a prime number?
True
Is 426637535 a composite number?
True
Is 1976076371 a composite number?
False
Is 453710431 a composite number?
True
Is 29442307 composite?
True
Is 135919739 composite?
False
Is 21526791493 a prime number?
True
Is 3797051633 prime?
True
Is 160633507981 a composite number?
False
Is 5448977 a composite number?
True
Is 34194163 prime?
True
Is 6970516603 prime?
True
Is 15155790499 composite?
True
Is 356315989 composite?
False
Is 46312997323 a composite number?
False
Is 100466101 a composite number?
True
Is 137711933927 prime?
False
Is 89311963 a composite number?
True
Is 3984689663 a prime number?
True
Is 1156221151 composite?
True
Is 666105149 composite?
False
Is 1122564733 a composite number?
False
Is 33528711067 composite?
False
Is 54408968737 a prime number?
False
Is 3221420701 composite?
True
Is 301403659 composite?
True
Is 3054912209 a prime number?
False
Is 15052698007 a composite number?
False
Is 4620385643 a prime number?
False
Is 16258599059 a prime number?
True
Is 114120521 prime?
True
Is 574458691 composite?
True
Is 1350286345 composite?
True
Is 184093871285 prime?
False
Is 979569193 composite?
False
Is 19895315677 prime?
True
Is 15555189187 a prime number?
True
Is 2485733749 a prime number?
False
Is 46937724721 a composite number?
False
Is 1889946649 prime?
True
Is 1349115347 composite?
True
Is 896021033 a composite number?
True
Is 5409916865 a composite number?
True
Is 630429497 composite?
True
Is 4689701167 a composite number?
True
Is 34617176953 composite?
True
Is 95813287 a prime number?
True
Is 341701699 composite?
False
Is 4584311617 a prime number?
True
Is 169610095 a composite number?
True
Is 130007489 prime?
False
Is 5168964943 composite?
False
Is 1043764747 prime?
True
Is 212955427 composite?
False
Is 919197673 prime?
True
Is 417177367 a composite number?
False
Is 6154692403 a prime number?
True
Is 21999279643 a prime number?
False
Is 27319090727 a composite number?
True
Is 304233593 composite?
True
Is 77899963 composite?
False
Is 4716926 a composite number?
True
Is 159020621 a prime number?
True
Is 73580066977 prime?
True
Is 663836711 composite?
False
Is 52411907 prime?
False
Is 13216906721 a prime number?
False
Is 12019069 a composite number?
False
Is 15445986491 a prime number?
False
Is 59342383 composite?
False
Is 6174592667 composite?
True
Is 361571801 a composite number?
False
Is 223686698 composite?
True
Is 4063833682 a composite number?
True
Is 8299459243 a prime number?
True
Is 1463177323 a prime number?
False
Is 828581497 a prime number?
True
Is 5449084373 a composite number?
False
Is 2920251769 a composite number?
True
Is 432098417 prime?
True
Is 28582768649 prime?
False
Is 1315490381 a prime number?
True
Is 1962885059 a composite number?
True
Is 25861079843 a composite number?
False
Is 75352583 prime?
True
Is 3087460331 prime?
True
Is 7146340423 a composite number?
False
Is 3796297891 a composite number?
False
Is 5781583331 composite?
True
Is 77230571023 prime?
False
Is 2303331617 composite?
False
Is 9751170839 composite?
False
Is 247538419 a composite number?
False
Is 9885423787 a prime number?
True
Is 231890963 a composite number?
False
Is 2012718209 a composite number?
False
Is 562430157 composite?
True
Is 26160410591 prime?
False
Is 612559357 a prime number?
True
Is 4094018087 a composite number?
True
Is 13622271251 prime?
True
Is 3796479991 a composite number?
False
Is 421741141 prime?
False
Is 1195067446 prime?
False
Is 2325469001 composite?
True
Is 797555327 a prime number?
True
Is 3566900783 composite?
True
Is 3952312733 a prime number?
False
Is 86485409461 prime?
False
Is 26445378347 a composite number?
True
Is 770322769 composite?
True
Is 63027613673 a prime number?
False
Is 2171992661 composite?
False
Is 6325586537 a prime number?
True
Is 810302159 a composite number?
False
Is 774084293 composite?
False
Is 890211887 a composite number?
True
Is 29898767083 a composite number?
False
Is 8038895101 prime?
True
Is 260257695583 composite?
False
Is 568560611 a prime number?
False
Is 22069295329 prime?
False
Is 38234719 a composite number?
True
Is 451011409 a composite number?
False
Is 162103900669 composite?
False
Is 9963257821 composite?
True
Is 3182329067 composite?
True
Is 11161354081 a composite number?
False
Is 2429386369 a prime number?
True
Is 478194319 a prime number?
True
Is 848166269 a prime number?
True
Is 3319651147 prime?
False
Is 108028189 prime?
False
Is 954544337 a prime number?
True
Is 342775367 prime?
False
Is 8372540021 a composite number?
True
Is 24757291 a composite number?
True
Is 184271441 composite?
True
Is 3622951757 a prime number?
False
Is 958477673 composite?
True
Is 40799197307 a prime number?
False
Is 58821045613 prime?
False
Is 42174549854 prime?
False
Is 8349080191 prime?
False
Is 64769358839 a prime number?
True
Is 6861022999 a composite number?
False
Is 2019696299 composite?
True
Is 1122566027 a composite number?
True
Is 550833197 a composite number?
True
Is 2604876865 a composite number?
True
Is 23358974819 composite?
False
Is 63356926403 a prime number?
False
Is 10220777839 a composite number?
False
Is 69300281173 composite?
True
Is 7651013677 a prime number?
True
Is 33328543987 prime?
True
Is 14487753569 a composite number?
False
Is 199434379 composite?
True
Is 1191678317 a prime number?
True
Is 710805946 composite?
True
Is 2516925209 a prime number?
False
Is 1058944795 a prime number?
False
Is 359274557 prime?
True
Is 66449423419 prime?
True
Is 768948941 a prime number?
True
Is 370490833 prime?
True
Is 21751126877 prime?
False
Is 83499443 a composite number?
True
Is 1010070821 a composite number?
False
Is 341054827 composite?
False
Is 40235172617 prime?
True
Is 5337974431 a composite number?
False
Is 102048610879 a prime number?
True
Is 9668250679 composite?
False
Is 15627338843 a composite number?
True
Is 82604308198 a prime number?
Fal